 + 3*f + f = -498. What are the prime factors of y?
251
Let j = 117 + -70. List the prime factors of j.
47
Suppose 0 = z + 3*z - 484. Suppose -d + 43 = -5*f + z, -d = -4*f + 62. Suppose -3*h = -6*v + 2*v - f, -4*v = -h. List the prime factors of h.
2
Suppose 4*h + 24 = -0*h. List the prime factors of (-276)/(-18) - (-2)/h.
3, 5
Let l = 18 + 7. Suppose a = -3*a + 4, 5*r + 8 = -2*a. List the prime factors of -2 + l + 2 + r.
23
Let q = -77 + 117. List the prime factors of q.
2, 5
Suppose 5*z + 5*v = 30, -5*z - 2*v + 33 = -6. Suppose z*k - 80 = 4*k. Let u = k + 2. What are the prime factors of u?
2, 3
Let b = 197 + -167. List the prime factors of b.
2, 3, 5
Suppose 2*b - 2 = 4*b. Let u be (-2 - b)/((-3)/78). Suppose -5*h - u = -131. What are the prime factors of h?
3, 7
Suppose 4*y = -6*z + 2*z - 20, -3*y + 20 = -4*z. Let s be (2 - (y - -8))/(-1). Let b = s + 6. List the prime factors of b.
2, 3
Let t(h) = 2*h - 4. Let x be t(4). Suppose -m + 0*m = -x. Suppose -2*w - 10 = -m*n + 8, -2*n - 5*w = 21. List the prime factors of n.
2
Suppose -2*y + 106 = 32. What are the prime factors of y?
37
Let a = 7 - 5. Suppose 4*g = a*g + 6. Suppose -g*z + 0*z + 18 = 0. What are the prime factors of z?
2, 3
Suppose -t - 2*s + 0*s = -60, -t + 2*s = -40. List the prime factors of t.
2, 5
Suppose i - 5 = t - 3*t, 2*t = 5*i - 13. What are the prime factors of (-1 + -8)*(-8)/i?
2, 3
Let w = -5 - -7. Suppose 3*n - 5 + 2 = -l, 0 = -w*l - 5*n + 4. List the prime factors of (14/6)/((-1)/l).
7
Suppose -4*c = -4*b - 147 - 61, -c - 2*b + 58 = 0. What are the prime factors of c?
2, 3
Let v(z) = -12*z - 46. List the prime factors of v(-12).
2, 7
Let w(i) be the third derivative of i**5/30 + i**4/3 - i**3/6 + i**2. What are the prime factors of w(-6)?
23
Suppose 0 = 2*a - 4*a + 10. Suppose a*f + 0*f = 265. Suppose -18 = 5*v - f. List the prime factors of v.
7
Let w(d) = d**2 - 7. Let m(h) = -2*h - 1. Let i(u) = -3*u - 2. Let g(a) = -3*i(a) + 5*m(a). Let p(x) = 4*g(x) + w(x). List the prime factors of p(-2).
3
Let a(h) = h + 1. Let d be a(-6). Let q be (-3)/(d/2 + 1). Suppose -q*k = k - 18. List the prime factors of k.
2, 3
Let r be 143/(-33) + 2/(-3). List the prime factors of (r/(-1) + 2)*3.
3, 7
Suppose -3*c + 1 = -8. Let u(l) = 4*l - 1. What are the prime factors of u(c)?
11
What are the prime factors of (-134 - 0)/(3 - (0 - -4))?
2, 67
Let p = 13 - 4. Let k = 37 - p. List the prime factors of k.
2, 7
Let y = 5 - -12. List the prime factors of y.
17
Let a(u) = -3*u**3 + 15*u**2 + 9*u + 35. Let s(x) = -x**3 + 5*x**2 + 3*x + 12. Let p(m) = -4*a(m) + 11*s(m). List the prime factors of p(6).
2, 5
Suppose i + 4 = 9. What are the prime factors of i?
5
Let n(c) = -c**3 + c**2 + 1. Let v be n(1). What are the prime factors of 7 - (-1 + v)/(-2)?
7
Let w(l) be the second derivative of -2*l**3/3 - l**2 + 4*l. List the prime factors of w(-3).
2, 5
Let c = 15 + -29. Let y = 47 + c. What are the prime factors of y?
3, 11
Let q be 5*3/((-45)/(-6)). Suppose 3 = -q*n + 31. What are the prime factors of n?
2, 7
Let k(d) = d**3 - 6*d**2 - 4*d - 1. Let c(t) = t**3 + 6*t**2 - 9*t - 7. Let n be c(-7). What are the prime factors of k(n)?
2, 5
Let z(p) = -p**3 - 31*p**2 + 27*p + 47. List the prime factors of z(-32).
3, 23
Let f(g) = -g**3 + 9*g**2 + 10*g. Let o be f(10). Suppose k = b + 23, o*b + 4 = -2*b. What are the prime factors of k?
3, 7
Suppose -n = -5*l - 24, 4*l = 4*n - 53 - 11. What are the prime factors of n?
2, 7
What are the prime factors of (6/(-5))/(57/(-6460))?
2, 17
Let y(k) be the second derivative of k**8/6720 + k**7/2520 + k**6/720 + k**4/4 + 2*k. Let w(p) be the third derivative of y(p). List the prime factors of w(2).
2, 7
Let h = -70 - -38. Let m = 47 + h. List the prime factors of m.
3, 5
Suppose 0 = h - 0*h - 3, 3*h - 47 = -s. What are the prime factors of s?
2, 19
Suppose -b = -4*y - 5*b - 4, 4*b + 20 = 4*y. Suppose -2*m - y*x = -14, -18 = -2*m - 4*x + x. List the prime factors of m.
3
Let d be 3 + 1 + 2 + -1. Let v be d/20 - 21/4. Let c(w) = -w**2 - 6*w + 2. What are the prime factors of c(v)?
7
Let u(g) = -2*g**3 + 4*g**2 + 8*g - 3. Let r(j) = -2*j**3 + 3*j**2 + 7*j - 3. Let t(v) = -5*r(v) + 4*u(v). What are the prime factors of t(2)?
17
Let p = 7 + -4. Suppose 0 = -4*s + 125 - 37. List the prime factors of (-10)/(-15) + s/p.
2
Let v(u) be the second derivative of -u**3/6 + 5*u**2/2 + u. Let g be v(3). Suppose g*r = 4*r - 6. What are the prime factors of r?
3
Let h be 2 - (-1)/(0 + 1). What are the prime factors of h + -1 + (-198)/(-6)?
5, 7
Let a(b) = -25*b**3 + 2*b**2 + 2*b + 1. Let x be a(-1). Suppose 84 = 5*i + 3*s, -i + 2*s + 2*s + x = 0. What are the prime factors of i?
2, 3
Let q(j) = -j**2 + 9*j - 5. Let s be q(8). What are the prime factors of (-2)/((s/1)/(-3))?
2
Suppose -w + 3 = -0. Suppose -h = w*s - 31, s + 94 = 3*h - 19. List the prime factors of h.
37
Let o be 0 - (56 - (-2 + 2)). Let k = o - -79. Suppose -t = 5 - k. What are the prime factors of t?
2, 3
Suppose 5*v - 149 - 351 = 0. List the prime factors of v.
2, 5
Suppose -3*z - z = -4. Let l be (z - -27)/(-4 - -5). Let v = l - 16. What are the prime factors of v?
2, 3
Suppose 0 = -5*k + 16 - 46. What are the prime factors of 2 - -3*(-8)/k?
2, 3
Let r = -27 + 63. List the prime factors of 3/(0 - (-4)/r).
3
Suppose 0 = -23*m + 26*m - 345. List the prime factors of m.
5, 23
Let n(a) be the second derivative of a**3/6 + a**2 + 2*a. Let p be n(-1). List the prime factors of -1 - -1 - (p + -5).
2
Let p be -3 + 1 - -3 - -3. Let k = 2 + p. What are the prime factors of k?
2, 3
Let o(u) = -u - 10. Let z be o(8). Let p = z - -30. List the prime factors of p.
2, 3
Let k(q) = q**3 - 7*q**2 + 3*q - 17. List the prime factors of k(8).
71
Suppose 2*m - 24 = -2*j - 0*m, 0 = -4*j - 5*m + 45. What are the prime factors of j?
3, 5
Suppose 2*c = -6*r + 4*r + 12, 0 = -r + c + 12. What are the prime factors of r?
3
Let m = 11 + -7. Suppose -3*o - h + 12 = -7, o - 2 = m*h. Suppose -o*j + 21 = -3*j. What are the prime factors of j?
7
Let x = -7 - -7. Suppose x = -6*n + 4*n + 48. List the prime factors of n.
2, 3
List the prime factors of -395*(-5 - (-88)/20).
3, 79
List the prime factors of (-162)/(-6) - (1 + -1).
3
Let q = -2 + 8. Suppose -y + q = 2*y. Suppose -2*w + y = -w. What are the prime factors of w?
2
Let u(o) = -o**3 + 8*o**2 + 4*o**2 + 4*o + 0*o**3 - 16*o + 15. What are the prime factors of u(11)?
2
Let z = -6 - -8. Suppose r - 3*y - 20 = z*y, 0 = -4*r + 4*y + 32. Suppose 61 = r*f - 3*q, -f + q + 11 = -0*f. List the prime factors of f.
2, 7
Let c be 1617/(-28) + (-3)/(-4). Let d = -39 - c. Suppose 0 = -0*p + 3*p - d. List the prime factors of p.
2, 3
Let u(d) be the third derivative of -d**6/120 - d**5/15 + 5*d**4/24 + d**3/2 - 2*d**2. Let p be u(-5). List the prime factors of p*(2/6 - -1).
2
Let d(s) be the third derivative of s**5/12 + s**4/24 + s**3/6 + s**2. Let b be d(-2). Let n = b + -12. List the prime factors of n.
7
Let t be 4/6 - 39/(-9). Let v = 3 - -1. Let w = v + t. What are the prime factors of w?
3
Suppose 5*j + 7 = -s, -2*j + 0 + 5 = 3*s. Suppose -4*t = 2*h - 34, t + 5*h = s*t + 1. What are the prime factors of t?
7
Suppose 50*h - 53*h = -120. List the prime factors of h.
2, 5
Suppose -99 = -5*m + 2*g, 3*g + 25 = 2*m - 19. List the prime factors of m.
19
Suppose 3*w + 4 - 67 = 0. Suppose -w + 101 = 5*a. What are the prime factors of a?
2
Let w = -2 + 1. Let j(n) = -12*n**3 - 2*n - 1. List the prime factors of j(w).
13
Suppose 2*x - 13 = x. Suppose -37 = -2*m + x. Let k = -9 + m. List the prime factors of k.
2
Let z(p) = p**3 + 6*p**2 - p + 6. Let i be z(-6). Let x = i - -1. List the prime factors of x.
13
Let h(d) = -d**3 + 8*d**2 + 21*d + 1. List the prime factors of h(10).
11
Let s(m) = -m**2 - 4*m + 2. Let n be s(-7). Let r = 41 + n. What are the prime factors of r?
2, 11
Suppose 0 = -u + 3*c + 60, -3*u = -0*c - 4*c - 155. What are the prime factors of u?
3, 5
List the prime factors of 27/((-1)/4*-4).
3
Let g(f) = 4*f**2 - 2*f - 4. Let q be g(-4). Suppose -2*p - 3*i = -8*i - q, 0 = 4*p + 3*i - 84. List the prime factors of p.
2, 3
Let n be -2 - -3*(0 - 3). Let w = n - -15. List the prime factors of w.
2
What are the prime factors of 10/50 - 319/(-5)?
2
Let r be 0 + 2 + (3 - -25). Suppose 170 